- 94*g - 27159. Give u(-126).
561
Let c(t) = -2726*t + 21783. Determine c(8).
-25
Let u(a) = 288*a - 26020. What is u(87)?
-964
Let v(s) = 3*s**2 + 1995*s + 321031. Give v(-392).
-17
Let z(x) = -117*x**2 + 609*x - 513. Give z(1).
-21
Let g(i) = -4*i**3 - 26*i**2 + 45*i + 280. What is g(4)?
-212
Let f(s) = s**3 - 198*s**2 - 1920*s + 11809. Give f(207).
10
Let i(f) = 884*f - 503014. Give i(569).
-18
Let m(p) = -p**3 + 347*p**2 + 867*p - 300838. What is m(347)?
11
Let m(q) = 1991*q - 9950. Determine m(5).
5
Let m(x) = 404178*x - 1212539. Determine m(3).
-5
Let b(s) = s**3 - 77*s**2 + 141*s + 504. What is b(75)?
-171
Let p(r) = r**2 - 127*r + 3965. Calculate p(56).
-11
Let k(c) = -c**3 - 612*c**2 - 14686*c - 6463. Give k(-587).
-6
Let o(k) = 275*k**2 - 115*k - 24. Determine o(-3).
2796
Let r(n) = n**3 + 5*n**2 - 171*n - 101. Calculate r(10).
-311
Let f(i) = 23*i**3 + 42*i**2 + 231*i + 168. Calculate f(-5).
-2812
Let u(g) = -2*g**2 - 2129*g - 10595. What is u(-5)?
0
Let h(w) = w**3 + 7666*w**2 - 1848602*w + 452. Give h(234).
-16
Let o(x) = -x**3 - 11*x**2 - 56*x + 83. Determine o(-10).
543
Let l(i) = 5*i**2 - 36*i + 33. Determine l(12).
321
Let h(c) = 2*c**2 - 134*c - 252. Determine h(69).
24
Let m(d) = 2266*d - 861081. What is m(380)?
-1
Let l(h) = -h**3 - 35*h**2 - 1073*h - 3776. Determine l(-4).
20
Let u(k) = -33*k**3 - 2144*k**2 + 2174*k + 7. Calculate u(1).
4
Let a(t) = 2*t**2 + 318*t - 192833. What is a(241)?
-33
Let a(o) = -3661*o - 98840. What is a(-27)?
7
Let z(h) = -873*h + 31719. Determine z(36).
291
Let s(g) = 242*g**2 - 3201*g - 3200. Determine s(-1).
243
Let d(t) = t**3 - 2*t**2 + 70*t + 116. Calculate d(0).
116
Let m(b) = -b**2 + 101*b + 4560. Calculate m(137).
-372
Let p(k) = 8*k**3 - 1004*k**2 - 1529*k + 652. Calculate p(127).
17
Let o(g) = 1554*g + 31386. What is o(-20)?
306
Let h(k) = 21*k**2 - 1096*k + 231. What is h(52)?
23
Let v(j) = 11*j**2 - 186*j + 193. Determine v(1).
18
Let i(r) = -1481*r + 537. Determine i(1).
-944
Let g(d) = d**3 + 73*d**2 + 1104*d - 50. Determine g(-27).
3676
Let r(a) = -3*a**2 - 91203*a + 1003576. Determine r(11).
-20
Let i(d) = -1607*d - 421474. What is i(-262)?
-440
Let w(u) = -2241*u - 71750. Determine w(-32).
-38
Let c(s) = 27*s**2 + 876*s - 498. Calculate c(-33).
-3
Let k(u) = u**2 - 1357*u - 33079. Determine k(-24).
65
Let m(h) = -h**2 - 713*h - 119632. Give m(-443).
-22
Let t(m) = -56*m - 2336. Determine t(-36).
-320
Let y(l) = 76*l**3 - 109*l**2 + 250*l - 63. What is y(2)?
609
Let i(d) = 428520*d + 1285577. What is i(-3)?
17
Let c(r) = -155*r**2 - 1686*r + 221. Give c(-11).
12
Let d(r) = -3681*r - 982820. Determine d(-267).
7
Let t(h) = 477929*h - 6691015. What is t(14)?
-9
Let u(b) = 2*b**2 - 2748*b + 254795. Calculate u(100).
-5
Let m(b) = 2*b**2 - 96*b + 664. Calculate m(42).
160
Let h(o) = 182*o + 2872. What is h(-15)?
142
Let v(m) = -6*m**2 + 4176*m + 38036. Calculate v(705).
-34
Let i(u) = -9584*u + 421697. Calculate i(44).
1
Let j(m) = -24223*m + 217983. Determine j(9).
-24
Let p(y) = -y**2 - 6049*y + 91361. Calculate p(15).
401
Let p(d) = 4062*d + 2108148. What is p(-519)?
-30
Let u(q) = -31*q**3 - 2*q**2 - 15168*q + 15170. Determine u(1).
-31
Let x(d) = -2*d**3 + 1339*d**2 - 38971*d - 5108. Calculate x(639).
4
Let p(y) = -y**3 + 302*y**2 + 3048*y + 22354. Determine p(312).
-110
Let w(p) = -2*p**3 - 204*p**2 + 2461*p + 229. Determine w(11).
-46
Let p(v) = -v**3 + 34*v**2 + 447*v + 1016. What is p(-3)?
8
Let g(t) = 2*t**2 + 573*t + 13109. What is g(-25)?
34
Let g(b) = 24793*b**2 + 4388366*b + 888. What is g(-177)?
3
Let m(i) = -5*i**3 - 455*i**2 - 421*i + 2601. Calculate m(-90).
-9
Let p(x) = 23*x - 4211. Give p(181).
-48
Let k(n) = 226*n**2 + 21*n + 139. Determine k(0).
139
Let a(s) = -2*s**2 + 2928*s - 11714. Determine a(4).
-34
Let n(l) = 5827*l - 168950. Determine n(29).
33
Let m(b) = -23590*b + 353848. What is m(15)?
-2
Let b(y) = 2*y**2 + 331*y - 8297. What is b(-187)?
-256
Let r(q) = -q**3 - 167*q**2 - 4995*q - 305. Calculate r(-128).
79
Let g(u) = u**2 - 183200*u + 1282351. Calculate g(7).
0
Let w(z) = 6136*z + 497071. Calculate w(-81).
55
Let i(x) = 10*x**3 + 13*x**2 - 323*x + 454. Determine i(4).
10
Let r(p) = -p**3 - 63*p**2 + 3845*p + 65. Give r(-101).
-642
Let x(y) = -y**2 - 61*y - 989. Determine x(-57).
-761
Let r(m) = -7*m**2 + 128*m - 664. Give r(25).
-1839
Let w(u) = -12*u**2 - 7496*u - 740444. Calculate w(-123).
16
Let z(t) = 1998*t - 26187. What is z(13)?
-213
Let z(d) = -d**2 + 30177*d + 362260. Calculate z(-12).
-8
Let m(y) = -110*y + 10306. Calculate m(100).
-694
Let d(b) = -44312*b - 177466. Determine d(-4).
-218
Let c(r) = -18*r - 1588. Calculate c(-131).
770
Let a(y) = 240*y - 2969. What is a(13)?
151
Let a(l) = l**3 + 129*l**2 + 242*l - 1531. Calculate a(-127).
-7
Let p(z) = -z**3 - 51*z**2 - 91*z + 326. What is p(-49)?
-17
Let n(x) = -x**3 - 7*x**2 + 254*x - 8. Give n(-21).
832
Let q(d) = -d**3 - 623*d**2 - 3719*d - 14. Determine q(-6).
88
Let c(y) = -4*y**3 + 11*y**2 + 13*y - 108. Determine c(8).
-1348
Let h(j) = j**2 + 277308*j - 5269215. Calculate h(19).
-2
Let o(l) = -46*l**2 + 160*l - 100. Give o(0).
-100
Let w(g) = -995*g**2 + 71640*g + 11. Give w(72).
11
Let k(i) = 3*i**3 + 18*i**2 + 110*i - 18. What is k(-5)?
-493
Let m(j) = -21*j**3 - 7*j**2 + 6*j - 4. What is m(3)?
-616
Let y(g) = 3*g**3 - 300*g**2 - 787*g + 17852. Determine y(102).
2
Let n(s) = 423*s**2 + 10995*s - 80. What is n(-26)?
-2
Let d(z) = 4322*z + 1676941. What is d(-388)?
5
Let l(i) = -25746*i + 308949. Give l(12).
-3
Let c(i) = -39*i**2 - 175*i + 516. Determine c(3).
-360
Let v(u) = u**2 - 1648*u + 78428. Determine v(48).
1628
Let g(v) = -28*v**3 + 930*v**2 - 184*v - 447. What is g(33)?
15
Let j(o) = o**3 - 150*o**2 + 4425*o + 4816. Give j(109).
20
Let p(k) = 43*k**2 + 663*k + 2340. Calculate p(-10).
10
Let y(n) = n**3 - 185*n**2 + 1141*n - 43389. Determine y(180).
-9
Let g(x) = -64*x**2 + 67*x - 48. What is g(1)?
-45
Let r(u) = u**3 + 76*u**2 - 131*u + 1178. What is r(-78)?
-772
Let m(v) = -162*v + 1511. Determine m(9).
53
Let k(m) = -134834*m + 1078674. Calculate k(8).
2
Let a(i) = i**3 + 30*i**2 + 3*i + 372. What is a(-30)?
282
Let s(l) = -893*l + 408997. Calculate s(458).
3
Let a(z) = z**3 + 69*z**2 + 2812*z + 209752. What is a(-71)?
18
Let v(m) = m**3 - 12*m**2 - 40*m + 631. Calculate v(14).
463
Let z(m) = -148*m - 5776. Calculate z(-40).
144
Let d(m) = -1462*m**2 - 6989*m + 1590. Calculate d(-5).
-15
Let a(k) = 827*k**2 - 494545*k - 549. What is a(598)?
49
Let s(a) = -a**3 - 29*a**2 + 132*a + 4530. Determine s(-28).
50
Let r(s) = -4*s**3 - 1418*s**2 + 6459*s - 1076. Give r(-359).
1
Let b(a) = -22*a**3 + 7*a**2 - 574*a + 1140. Determine b(2).
-156
Let c(m) = -20017*m - 240298. Determine c(-12).
-94
Let q(k) = 99*k**2 + 462*k - 198. Calculate q(-5).
-33
Let j(h) = 14*h**2 - 4865*h - 29224. What is j(-6)?
470
Let p(d) = 41*d**3 - 23*d**2 - 36*d + 55. Calculate p(-3).
-1151
Let z(c) = -2*c**2 + 187*c - 975. Give z(94).
-1069
Let g(p) = -4*p**2 + 272*p + 67. What is g(65)?
847
Let p(b) = -8*b**2 + 1256*b - 2501. What is p(2)?
-21
Let l(c) = 252*c + 2817. Determine l(-10).
297
Let n(o) = o**3 + 183*o**2 - 5*o + 130. Determine n(-183).
1045
Let j(v) = -4*v**3 + 65*v**2 + 57*v - 47. What is j(12)?
3085
Let w(v) = 10486*v - 12153268. Calculate w(1159).
6
Let h(g) = -1652*g - 23055. Determine h(-14).
73
Let q(v) = v**3 - 74*v**2 + 140*v - 4679. Calculate q(73).
212
Let m(n) = -n**2 - 277*n + 8286. What is m(27)?
78
Let o(p) = -5*p**3 - 1891*p**2 + 7642*p + 3. Determine o(4).
-5
Let o(c) = 9978*c - 105. Determine o(0).
-105
Let i(f) = -f**3 - 261*f**2 - 9221*f - 910. Determine i(-42).
56
Let u(z) = 32*z**2 - 5814*z - 7692. What is u(183)?
-6
Let b(u) = 7*u**2 + 881*u - 1632. Calculate b(-129).
1206
Let r(t) = 6326*t + 1505613. Determine r(-238).
25
Let t(m) = 33506*m - 1474260. Give t(44).
4
Let o(f) = -3*f**3 + 30*f**2 - 45*f + 68. What is o(8)?
92
Let k(j) = 3*j**3 - 134*j**2 - 665*j + 1377. Determine k(49).
5
Let m(j) = j**2 - 300*j + 9459. Determine m(39).
-720
Let v(x) = -x**2 + 83*x + 25866. What is v(-125)?
-134
Let q(c) = 31*c**2 + 35*c - 112. Determine q(4).
524
Let n(w) = -2*w**2 + 135854*w - 1222603. Calculate n(9).
-79
Let z(h) = h**3 + 328*h**2 + 2555*h - 1572. Calculate z(-